-1) + 2). Let l = -1 - j. Let x(y) = l*m(y) - 11*v(y). Calculate x(-1).
2
Let g(z) = -z - 12. Let w(d) = d**2 + d + 4. Let n be w(-3). Let f = n - 10. Suppose f = 6*p - 4*p - 3*u + 6, 4*p - 5*u = -10. Calculate g(p).
-12
Suppose f = -494 + 491. Let u(x) = -x**3 - 2*x**2 + 3. Give u(f).
12
Let t(x) = 20*x - 50. Let f(q) = -9*q + 21. Let l(i) = 9*f(i) + 4*t(i). Calculate l(10).
-21
Let i(w) = -71*w + 174*w - 96*w - w**2 - 5. What is i(4)?
7
Let v(j) = 12*j + 6. Let d(a) = -7*a - 4. Let x(q) = 9*d(q) + 5*v(q). Calculate x(-5).
9
Let s = -1537 - -1539. Let o(g) be the second derivative of -1/12*g**4 - g**3 - 7*g + 0 + 1/2*g**s. What is o(-3)?
10
Let y(f) = 6*f**3 + 2*f - 1. Let u be y(1). Let m(v) = -u*v - 7 + 3*v + 2*v + v. Suppose -21 = 3*k - 3*o, 24 = -3*k + 3*o + o. Determine m(k).
-3
Let o(m) = -m**3 + 8*m**2 - m + 14. Suppose -4*w - 3*x = -47, w + 5*x = 7*x - 2. Determine o(w).
6
Let f(b) = b**3 - 4*b**2 - 2*b + 5. Let p be f(4). Suppose 3*d = 4*q - 14, -d = q - 0*q. Let c(l) = -85 + 2*l + 42 + 40 + 2*l**q. Give c(p).
9
Let h = 1316 - 1324. Let j(z) = z**3 + 8*z**2 + 2*z + 5. Calculate j(h).
-11
Let h(w) = -w**2 + w. Let m(i) = -9*i**3 - 4*i**2 + 4*i + 1. Let p(y) = -6*h(y) + m(y). Suppose 23*f = -6*f + 493. Suppose -f*r + 6 = -11. Calculate p(r).
-8
Suppose 4*s + 2*l - 10 = 0, l = 2*s - 5*s + 9. Let k(n) = 7*n + 8. Determine k(s).
36
Let l(n) = n**3 - 8*n**2 + 8*n - 3. Let u(z) = 6*z - 17. Let g be u(7). Let r(x) = -x**2 + 26*x - 18. Let d be r(g). Determine l(d).
4
Let z(g) = 14*g + 1. Suppose -y + 6 = 1, 0 = -q - 5*y + 26. What is z(q)?
15
Let d(v) be the second derivative of -v**4/24 + 4*v**3/3 + 5*v**2/2 - 30*v. Let y(w) be the first derivative of d(w). What is y(7)?
1
Let b(s) = -92213*s**2 + 92212*s**2 + 13*s + 30 - s. Give b(14).
2
Let g(u) = u**2 + 5*u + 7. Let t(r) = r**2 - 5*r + 3. Let x be t(3). Determine g(x).
1
Let o(x) = -x - 10. Let c be 83/1 - 5/(-5). Let v(y) = -3*y - 8*y**2 - 3*y**3 - c + 4*y**3 + 102. Let z be v(8). Calculate o(z).
-4
Let x = 1784 - 1792. Let t(r) = -r**3 - 8*r**2 + r + 11. Calculate t(x).
3
Let z(u) = 2 - 3*u**2 + u**3 + 6*u - 11*u + 5*u. Give z(3).
2
Let s(x) = 2*x**2 + 13*x + 9. Let b be s(-6). Suppose b*k = -2 + 8. Let o(v) = -v**2 + 5*v - 2. Calculate o(k).
4
Let o(d) = -6 + 11 - 3 + 3*d + d**2 + 0*d. Give o(-2).
0
Suppose -15*o + 22*o + 28 = 0. Let c(n) = n + 1. Let i be 1 - (2 - 5)/1. Let b(d) = -5*d - 1. Let k(t) = i*c(t) + b(t). Give k(o).
7
Let w(m) = 8*m + 36 + 7*m - 19*m. Let g be w(11). Let n(i) = -i - 1. Calculate n(g).
7
Let i(c) = -5*c. Let j(u) = -14*u - 3. Let z(o) = 7*i(o) - 2*j(o). What is z(4)?
-22
Let q(c) = c**2 - 10*c + 2. Suppose -4*a = 5*d - 57, -4*d + 5*a - 2*a + 27 = 0. Determine q(d).
-7
Let i(q) = -2*q + 4. Suppose -5*c - t - t = -15, 3*c - t = -2. Calculate i(c).
2
Suppose -2*f = -3*v + 1, 0 = -16*f + 13*f - 5*v - 11. Let o(p) = -2*p**3 - 2*p**2 - 1. Give o(f).
7
Let y(w) = 6*w**2 - 9*w**2 - 7*w**2 - 2*w**2 + w - 1 + 13*w**2 + w**3. Determine y(-3).
-22
Let y(h) = 13 - 8*h - 12 - 5*h**2 + 6*h**2. What is y(8)?
1
Let m(n) be the second derivative of n**5/20 - n**4/2 + n**3/3 + 2*n**2 - n. Let v = -29 + 22. Let t = -2 - v. Calculate m(t).
-11
Let i(u) = -u**2 - 4*u - 7. Let g = 15 + 3. Let o = -24 + g. What is i(o)?
-19
Let n = -125 - -127. Let b(k) = -31*k + 3 + 7*k**n + 23*k + k**3 - 4 - 3. Calculate b(-8).
-4
Let o(y) be the second derivative of y**7/2520 - y**6/80 + y**5/60 - 3*y**4/2 - 13*y. Let h(d) be the third derivative of o(d). Determine h(6).
-16
Let q(m) = 5*m**2 + m + 2. Let g(f) = -f**3 + 14*f**2 + 19*f - 58. Let l be g(15). Calculate q(l).
24
Let u = 17 + -18. Let a(f) = -22*f**2 + 1. What is a(u)?
-21
Let v(y) = y**3 - 14*y**2 + 12*y + 8. Suppose -3*d + 59 = 20. Give v(d).
-5
Suppose 0 = -6*d + 4*d - 10. Let g be d*3/(12/(-8)). Let x be (-32)/(-20)*g/4. Let u(v) = -v**2 + 4*v + 4. Determine u(x).
4
Let g(u) be the second derivative of -1/12*u**4 + 0*u**3 + 0 - 11/2*u**2 + 6*u - 1/20*u**5. What is g(0)?
-11
Suppose 4*c + 5*d = 15, -5*c = -7*c - d + 3. Let v(t) = 0 - 5 + 0 - 3*t + c. Determine v(-4).
7
Let j = 28 - 26. Let v(n) = 3*n**3 + 4*n**2 + n + 2. Let x(l) = -7*l**3 - 8*l**2 - 2*l - 5. Let i(w) = j*x(w) + 5*v(w). Calculate i(-3).
6
Let a(h) = 97 - 33 + h**2 - 8*h - 30 - 33. Give a(8).
1
Let n(p) be the third derivative of 35*p**2 + 0 + 1/60*p**5 + 0*p**3 + 0*p + 1/4*p**4. What is n(-7)?
7
Let m(f) be the second derivative of f**4/12 + 4*f**3/3 - 3*f**2 - 41*f - 3. Calculate m(-10).
14
Let l(q) = -3*q**2 + 24*q - 4. Let o(r) = -7*r**2 + 55*r - 7. Let s(j) = -9*l(j) + 4*o(j). What is s(5)?
3
Let i(w) = w**3 + 4*w**2 - 2*w - 1. Let d(p) = 10*p**2 - p. Let l be d(1). Let g be (2/(-3))/((-57)/l + 6). What is i(g)?
19
Suppose -4*x + x - 7 = 2*z, -3*z + 2*x - 30 = 0. Let s(r) = r**2 + 7*r - 3. What is s(z)?
5
Let u(t) be the second derivative of -7/2*t**2 + 0 + 1/2*t**3 + 10*t. Give u(6).
11
Let w(y) = -y**2 - 21*y - 101. Let n be w(-12). Let o(r) = r**2 - 3*r - 10. Calculate o(n).
18
Let k = 9 + -8. Let c be 3 - 4 - (-4 + k). Let q(f) = 5*f**c - f + 3*f**2 - 3*f**2 + 3 - 4*f**2. Give q(0).
3
Let b(f) = -f**2 - 5*f + 7. Let i(n) = -3*n**2 + 7*n + 4. Let y be i(-1). Determine b(y).
1
Let p(a) = a**3 - a. Let g be ((-40)/50)/(4/10). Let q be g + -8 + 6/3. Let x be q/(-24) - 2/(-3). Give p(x).
0
Let f(g) = -g + 5. Let z be f(5). Suppose 38 = 4*u - 3*p, p + p - 59 = -5*u. Suppose 2*j - u + 3 = z. Let i(m) = -m**2 + 4*m - 6. What is i(j)?
-6
Let j = -330 - -317. Let w(b) = -4*b - 16. Calculate w(j).
36
Let b(f) = f**3 - 6*f**2 + 2*f + 6. Let z be ((-5)/(-2))/5*408/4. Let p be (-4)/6 - 4/(-36)*z. Calculate b(p).
-9
Let s(b) = 118*b - 8 - 7 + 119*b - 231*b. Determine s(5).
15
Let z = -180 - -122. Let k = z + 55. Let x(j) = 2*j**2 + 2*j - 2. What is x(k)?
10
Let u(h) = 19*h**2 - 17*h + 11. Let w(z) = -11*z**2 + 9*z - 6. Let g(m) = -4*u(m) - 7*w(m). Calculate g(-5).
-2
Let o(k) = -k**3 - 8*k**2 - 4*k + 1. Let c be -3 + 2*213/6. Let f = 61 - c. Calculate o(f).
-20
Suppose 10 = 7*y - 11. Let n(b) = 2*b**2 + 5*b**y - 6*b**3 + 4 + 6*b - 7. Give n(4).
-11
Let k = 626 - 634. Let h(y) = y**2 + 11*y - 4. What is h(k)?
-28
Let g be (-2 - -1) + (1 - 11). Let d(y) = -y**3 - 10*y**2 + 11*y + 3. Let m be d(g). Let s(r) = 3*r**2 - 6*r**m - 6*r + 4*r**2 + 3*r**3 + 2*r**3. Give s(6).
0
Let b(a) = a + 32399 + 3*a**2 - 32399. Let q be 0 + 1 + (0 - 3). What is b(q)?
10
Let l(y) = -52 - y + y + y + 49. Determine l(-5).
-8
Let w(l) = -l**3 + 8*l**2 - 6*l - 3. Let u be w(7). Let d(k) be the first derivative of -k**4/4 + 5*k**3/3 - 2*k**2 + 6*k + 11. Calculate d(u).
6
Let s(g) be the first derivative of g**4/4 - 2*g**3/3 - 3*g**2/2 - 3*g - 4. Let j = -57 - -119. Let l = 60 - j. Determine s(l).
-13
Let n(p) = 6*p**3 - 16*p**3 - 3*p - 8*p**2 + 11*p**3 + 6. Give n(8).
-18
Let f(l) = 2*l - 15. Let k(b) = b**3 - 7*b**2 + 11. Let o be k(0). What is f(o)?
7
Let j(d) = -d**3 + 4*d**2 + 4*d - 1. Let w be j(5). Let f = 11 + -9. Let g(b) = -6*b - 5*b**2 - 6 + 2*b**2 - 2 + f*b**2. Give g(w).
-8
Let y(z) = -z**3 + 5*z**2 - 6*z + 3. Suppose 0 = -4*d - 4*c - 8, -5*d = -5*c + 8*c + 2. Calculate y(d).
3
Let m be (-4)/(-2) + -2 + 0. Let b(w) = -47 + 98 - w - 52. What is b(m)?
-1
Let n(h) = -59 + 60 - 7*h - 4*h + 4*h. Let o(d) = -d**2 + d. Let y(p) = -2*p + 1. Let a(l) = o(l) + y(l). Let m be a(1). What is n(m)?
8
Let r(o) = -o**2 + o + 5. Let b be r(0). Let f(c) be the first derivative of -1/3*c**3 + 5/2*c**2 + 4*c + 2. Give f(b).
4
Suppose 2*u + 9 = 4*r - 9, -4*u - 5*r + 3 = 0. Let b = 2 + u. Let s(m) be the third derivative of m**6/15 - m**4/24 + 39*m**2. Determine s(b).
-7
Suppose 12 = 4*v + 3*a - a, 0 = 4*v - 5*a - 40. Suppose l - 15 = -5*g - 3, 4*l + v*g = 18. Let b(m) = 0*m**2 + 5*m**2 - 6*m**l + 1 + 6*m. Determine b(5).
6
Suppose -m + 45 = 4*m - 4*v, -5*v - 15 = 2*m. Suppose 4*b = m*k - 0*b - 17, b = -3*k + 17. Let z(f) = 3*f**2 - k - 2*f**2 + f - 5*f. Calculate z(4).
-5
Let u(b) = 2*b**2 + 4*b - 2. Suppose 4*n = 5*n + 3*k - 9, -3*n = 2*k + 1. Let p(j) = j**2 - 2*j + 5*j - 3 + 2*j**2. Let s(v) = n*p(v) + 4*u(v). What is s(6)?
7
Let q(z) = -z**3 + 5*z**2 + z - 2. Let i = -529 - -534. Calculate q(i).
3
Let p(h) = h**3 - 5*h**2 + 6*h - 1. Suppose -j - 2*j + 30 = 0. Let d(l) = l**2 - 3. Let o be d(-3). L